is the units digit of a(5)?
6
Let o(v) = v + 12. Let b be o(-11). Suppose -b = -3*i + 8. Let s(h) = h**2 - 1. What is the units digit of s(i)?
8
Suppose 0 = m - 4*m + 138. What is the units digit of m + (2 + -5 - -3)?
6
Suppose -6*f = -7*f. Suppose -3*t - s + 0*s = -38, f = -5*s + 25. Suppose 7*i + 88 = t*i. What is the units digit of i?
2
Let x(q) = -q**2 + 24*q - 4. Let c(f) = 11*f**2 - 2*f - 1. Let k be c(-1). Let u be x(k). Suppose 0 = -4*n - 16 + u. What is the tens digit of n?
3
Let q = -10 - -39. Suppose 25*n - q*n + 664 = 0. What is the tens digit of n?
6
Let b(a) = -2*a**3 - 22*a**2 - 22*a + 17. Let k(m) = -3*m**3 - 33*m**2 - 33*m + 25. Let z(u) = 8*b(u) - 5*k(u). What is the units digit of z(-10)?
1
Let i = 1355 - 2569. What is the tens digit of i/(-10) - 45/(-75)?
2
Let t = 7 - -1. What is the units digit of (-10)/((-25)/t + 3)?
0
Let a = 551 - 235. What is the units digit of a?
6
Suppose -3*p - 4*u = -4397, u = -2*p + 3253 - 315. What is the thousands digit of p?
1
Let z(h) = -11 + 3 + 5 + 17*h - 2*h. Let t be z(7). Let k = -40 + t. What is the tens digit of k?
6
Let o = 9 + -13. What is the units digit of (-3)/o*(-60)/(-45)?
1
Let c = 189 - -20. Suppose -c = -8*g + 391. What is the tens digit of g?
7
What is the units digit of (1 + 19)*(-14 - 520/(-16))?
0
Suppose -6*y - 572 + 56 = 0. Let q = -51 - y. What is the tens digit of q?
3
Let y = 0 - -286. Let l = 4 + -1. Suppose -l*q - 3*n + 96 = 0, -4*n = -5*q + y - 81. What is the units digit of q?
7
Let b = -12 + 17. Suppose b*n = -3*s, -3*n = -0*s - 3*s. Let h(j) = -j**2 + 4. What is the units digit of h(n)?
4
Suppose 5*z - 3*q + 1424 = 0, 5*z - 5*q = -321 - 1099. Let l = z - -445. What is the tens digit of l?
5
Suppose 0 = 3*r, -4*r = 5*u - 0*u - 50. Suppose -9*t = -4*t - u. Suppose 5*j - 53 = -i, 5*i - t*i - 39 = -3*j. What is the tens digit of j?
1
Let q be 12*(-18)/12*(-2)/(-4). What is the units digit of 6/q - 1300/(-15)?
6
Let n = -13 - -15. Let m be (16/(-40))/(n/(-60)). What is the units digit of (-2)/m - (-37)/6?
6
Let p = -1 - -117. Suppose -4*j = -16 - p. Suppose 5*z - j = 27. What is the units digit of z?
2
What is the tens digit of (-2)/6 + (-220133)/(-69)?
9
Suppose 18*h - 2402 - 2170 = 0. What is the tens digit of h?
5
Suppose -64*y + 32886 = -35*y. What is the thousands digit of y?
1
Let y(p) = 3*p**2 - 30 + 2*p**2 + 4*p + 28. What is the units digit of y(3)?
5
Let p(s) be the second derivative of s**3/6 + 11*s**2/2 + 2*s. Let d be p(-7). What is the tens digit of d/22 + (-1850)/(-110)?
1
Let q = -21 + 24. Let y(h) = 7 + h**2 + q*h - h - 4*h. What is the tens digit of y(8)?
5
Suppose -12*h = -7*h - 20. Let u(m) = -1 - 3 + 1 - h + m**2. What is the units digit of u(-5)?
8
Suppose 58*m - 55*m = -3*b + 3486, -5820 = -5*b - 3*m. What is the units digit of b?
7
Let l = -777 + 3068. What is the hundreds digit of l?
2
Suppose 24*n - 27225 + 8937 = 0. What is the hundreds digit of n?
7
Suppose -2*n = -4*n - 16. Let l = 17 + n. Suppose -5*m - 4*w = -88, l*w = 5*m + 4*w - 115. What is the units digit of m?
0
Let l be 153/(-34)*28/(-6). Suppose 0 = u + l - 50. Let d = u - 11. What is the tens digit of d?
1
Let p(s) = -s**2 + 1. Let k be p(0). Suppose 2*i - 5 = k. Suppose 2*l + 2 = i*l. What is the units digit of l?
2
Suppose 0 = 6*f - 8*f + 118. Suppose -5*h - 3 = 47. Let n = f + h. What is the tens digit of n?
4
Let n(o) = -o**2 + 8*o - 4. Let s be n(7). Suppose s*r - 36 = 2*r. What is the units digit of r?
6
Suppose -5835 + 265 = -10*l. What is the units digit of l?
7
Suppose 2*q = 3*x + 1727 + 1267, 0 = -3*x. What is the tens digit of q?
9
Let q(r) = -r**3 - 4*r**2 - r + 4. Let a be q(-3). Let t = a - -7. Suppose 0 = -t*d + 2*f + 331, 4*d = f - 83 + 349. What is the units digit of d?
7
Suppose -77*m - 6481 + 37281 = 0. What is the tens digit of m?
0
Let a(d) = -d**2 + 26*d + 25. Let v be a(18). Let m = v - 81. What is the units digit of m?
8
Let m be 10/3*(-18)/15. Let d be (2 + -4)*(-2)/m. What is the units digit of 48/12 - (-3)/d?
1
Let f(h) = 5*h - 1. Let s be f(1). Suppose 0 = s*w - 2*l - 256, 0 = -w + 3*l - 0*l + 69. What is the units digit of w?
3
Let p = 4208 - 2895. What is the units digit of p?
3
Let k(c) = 15*c - 2. Let h(j) = j**3 - 3*j**2 + j + 4. Let n be h(3). What is the units digit of k(n)?
3
Let f(z) = 458*z**2 - 2*z + 1. Let i be f(1). Suppose -6 = 4*n - 2*n, -5*b = -4*n - i. What is the tens digit of b?
8
What is the units digit of ((-20)/15)/((-26)/3627)?
6
Let i be (-10)/2*8/10. Let h be (-206)/i - (-11)/22. Suppose h = -q + 3*q. What is the units digit of q?
6
Let w = 204 - -928. What is the units digit of w?
2
Let l(k) = -k - 10. Let c(x) = x + 10. Let f(s) = 3*c(s) + 2*l(s). Let u be f(-9). Let o = u - -13. What is the tens digit of o?
1
Suppose 0 = -j - 0 + 2. Suppose -50 = -0*b - j*b. Suppose f - b = -4. What is the tens digit of f?
2
Suppose -5*s - 1 - 2 = -u, 0 = -2*u + s + 6. Let z(t) = 9*t**2 - t**u - 5 - t - 3*t + 9*t. What is the tens digit of z(9)?
4
Let u = -140 - -143. Suppose -4*w = -4, r + 1452 = 6*r - u*w. What is the tens digit of r?
9
Suppose 2*r - r = 0, 0 = 5*d + 2*r - 10. Suppose 3*m = -12, -69 = -d*t + 5*m + 31. What is the units digit of ((-96)/t)/(6/(-40))?
6
Let y be ((-108)/(-15))/((-2)/(-80)). Suppose 14*o - y = 5*o. What is the tens digit of o?
3
Suppose 31*r - 41*r + 5180 = 0. What is the tens digit of r?
1
Suppose 0 = -4*k - 4, -5*m + 2*k = k + 4. What is the units digit of m*((-25)/1)/(3/6)?
0
Let v = -9 - -70. Suppose -4*y + n = -253, 4*y - 189 = 2*n + v. What is the units digit of y?
4
Let w be (4 - 3)*(25 + 0). Let a = 21 - w. What is the tens digit of (-8)/a + (-96)/(-3)?
3
Let r(w) be the third derivative of -1/12*w**5 - 6*w**2 - w**3 - 1/8*w**4 + 0*w + 0 - 1/120*w**6. What is the units digit of r(-5)?
9
Suppose -5*k + 7*k - 4 = 0. Suppose -3*x - 288 = -2*a - k*a, 4*a = -4*x + 288. What is the units digit of a?
2
Let z = -10 - -10. Suppose 262 = -z*j - 2*j. Let k = -92 - j. What is the tens digit of k?
3
Let o(k) = -k**2 - k**3 + 1 - 4*k + 3*k**2 + 7*k**2 - 3*k**2. Let r be o(5). Let s = 18 - r. What is the units digit of s?
2
Let m(r) be the second derivative of -r**5/40 - r**4/8 - r**3/3 - r. Let u(o) be the second derivative of m(o). What is the units digit of u(-4)?
9
Let b(z) be the second derivative of 5*z**3/3 - 13*z**2/2 + 17*z. What is the tens digit of b(10)?
8
Let v be 2 - 1 - (-6)/(-3)*-2. Suppose 2*z = 3*d + 279, 3*z - 3*d = v*z - 249. What is the hundreds digit of z?
1
Let i be (0 + 2)*-2 - -7. Suppose i*w = 7*w - 116. What is the units digit of w?
9
What is the hundreds digit of 41/(9 - (-355)/(-40))?
3
Let a = -168 - -108. What is the hundreds digit of (-943)/(-5) - -1 - 24/a?
1
Suppose h + 89220 = 21*h. What is the units digit of h?
1
Let g be (-6)/21 + (-6747)/(-21). Suppose 10*d - g - 1039 = 0. What is the hundreds digit of d?
1
Let p be 4/8 - (-7)/(-2). Let z(l) = -9*l**2 + l**2 + 11*l**2 + 2*l - 7. What is the tens digit of z(p)?
1
Let t = -224 + 399. What is the hundreds digit of (t*-1 - -1)*-1?
1
Suppose 7*g - 12*g = 5*w - 2760, -5 = -5*w. What is the units digit of g?
1
Suppose -52*o = -44*o - 18512. What is the units digit of o?
4
Let x = -96 - -754. What is the hundreds digit of x?
6
What is the hundreds digit of (-1)/(-3) - (-60560)/30?
0
What is the hundreds digit of 1/(((-1)/1103)/(1 + -2))?
1
Suppose -8*t + 9143 = -5193. What is the tens digit of t?
9
Suppose -2*i = -296 - 790. What is the units digit of i?
3
Let o(f) = 129*f**3 + f**2 - 6*f - 7. What is the thousands digit of o(3)?
3
Suppose 4*x - 303 = 3*l, 6*x - x = -4*l + 371. Suppose -18 + x = 3*z. What is the units digit of z?
9
Let y be -10*(4 - (1 - (-68)/20)). Suppose -y*a + 325 = -63. What is the tens digit of a?
9
Let a = -1847 - -2594. What is the tens digit of a?
4
Let u(g) = -85*g**2 + 4. Let f be u(-2). Let v = f - -503. What is the tens digit of v?
6
Suppose -38*m + 35 = -33*m. What is the units digit of (6 + 71)/m - 4/1?
7
Suppose -752 = 3*c - 7*c. Suppose 0 = 4*o - 2*o - c. What is the tens digit of o?
9
Suppose -7299 + 21243 = 14*w. What is the units digit of w?
6
Suppose -48 = d - 5*d. Suppose -3*o + 2*o + d = 0. Let y(c) = c**3 - 12*c**2 + c + 6. What is the units digit of y(o)?
8
Suppose v - 16 + 18 = 0. What is